{"id":3950,"date":"2019-08-20T06:06:09","date_gmt":"2019-08-20T06:06:09","guid":{"rendered":"https:\/\/auto-ruegg.ch\/?page_id=3950"},"modified":"2020-03-12T13:31:44","modified_gmt":"2020-03-12T13:31:44","slug":"team","status":"publish","type":"page","link":"https:\/\/auto-ruegg.ch\/?page_id=3950","title":{"rendered":"\u00dcber uns"},"content":{"rendered":"<p><section id=\"team-section\" class=\"kc-elm kc-css-710499 kc_row\"><div class=\"kc-row-container  kc-container\"><div class=\"kc-wrap-columns\"><div class=\"kc-elm kc-css-477843 kc_col-sm-12 kc_column kc_col-sm-12\"><div class=\"kc-col-container\"><div>\r\n    <h2 class=\"section-title text-center black-section-title kc-elm kc-css-111163\">\r\n\t\t<span>Unser Team<\/span><span class=\"highlight\"> .<\/span>\r\n    <\/h2>\r\n<\/div><div class=\"kc-elm kc-css-741179\" style=\"height: 40px; clear: both; width:100%;\"><\/div><div class=\"kc-elm kc-css-126932 kc_row kc_row_inner\"><div class=\"kc-elm kc-css-472639 kc_col-sm-6 kc-animated kc-animate-eff-fadeInUp kc-animate-delay-200 kc_column_inner kc_col-sm-6\"><div class=\"kc_wrapper kc-col-inner-container\">    <div class=\"team-member-type-2 kc-elm kc-css-10521\">\r\n        <div class=\"img-wrapper\">\r\n            <img decoding=\"async\" src=\"\" class=\"img-fluid\" alt=\"\">\r\n        <\/div>\r\n        <div class=\"description-box\">\r\n            <h6 class=\"name\">J\u00e9r\u00f2me Hopfeng\u00e4rtner<\/h6>\r\n            <p class=\"position\">Gesch\u00e4ftsinhaber seit 1.2.2017, Renault Mechaniker mit Zusatzausbildung zum eidg.dipl. technischen Kaufmann<\/p>\r\n\t\t\t        <\/div>\r\n    <\/div>\r\n\r\n<div class=\"kc-elm kc-css-114599\" style=\"height: 40px; clear: both; width:100%;\"><\/div><\/div><\/div><div class=\"kc-elm kc-css-339381 kc_col-sm-6 kc-animated kc-animate-eff-fadeInUp kc-animate-delay-300 kc_column_inner kc_col-sm-6\"><div class=\"kc_wrapper kc-col-inner-container\">    <div class=\"team-member-type-2 kc-elm kc-css-482420\">\r\n        <div class=\"img-wrapper\">\r\n            <img decoding=\"async\" src=\"\" class=\"img-fluid\" alt=\"\">\r\n        <\/div>\r\n        <div class=\"description-box\">\r\n            <h6 class=\"name\">Kuratli Michael<\/h6>\r\n            <p class=\"position\">Automobil - Fachmann + :quot:Rennfahrer:quot:<\/p>\r\n\t\t\t        <\/div>\r\n    <\/div>\r\n\r\n<div class=\"kc-elm kc-css-407924\" style=\"height: 40px; clear: both; width:100%;\"><\/div><\/div><\/div><\/div><div class=\"kc-elm kc-css-85384 kc_row kc_row_inner\"><div class=\"kc-elm kc-css-336605 kc_col-sm-6 kc-animated kc-animate-eff-fadeInUp kc-animate-delay-200 kc_column_inner kc_col-sm-6\"><div class=\"kc_wrapper kc-col-inner-container\">    <div class=\"team-member-type-2 kc-elm kc-css-857575\">\r\n        <div class=\"img-wrapper\">\r\n            <img decoding=\"async\" src=\"\" class=\"img-fluid\" alt=\"\">\r\n        <\/div>\r\n        <div class=\"description-box\">\r\n            <h6 class=\"name\">Spenger David<\/h6>\r\n            <p class=\"position\">Eidg.dipl. Automobildiagnostiker und zus\u00e4tzlich mit Renault Cotech Ausbildung<\/p>\r\n\t\t\t        <\/div>\r\n    <\/div>\r\n\r\n<div class=\"kc-elm kc-css-774348\" style=\"height: 40px; clear: both; width:100%;\"><\/div><\/div><\/div><div class=\"kc-elm kc-css-798129 kc_col-sm-6 kc-animated kc-animate-eff-fadeInUp kc-animate-delay-400 kc_column_inner kc_col-sm-6\"><div class=\"kc_wrapper kc-col-inner-container\"><\/div><\/div><\/div><div class=\"kc-elm kc-css-91556\" style=\"height: 40px; clear: both; width:100%;\"><\/div><\/div><\/div><\/div><\/div><\/section><section id=\"team-section\" class=\"kc-elm kc-css-173052 kc_row\"><div class=\"kc-row-container  kc-container\"><div class=\"kc-wrap-columns\"><div class=\"kc-elm kc-css-628747 kc_col-sm-12 kc_column kc_col-sm-12\"><div class=\"kc-col-container\"><div>\r\n    <h2 class=\"section-title text-center black-section-title kc-elm kc-css-824391\">\r\n\t\t<span>Unser Team<\/span><span class=\"highlight\"> .<\/span>\r\n    <\/h2>\r\n<\/div><div class=\"kc-elm kc-css-564458\" style=\"height: 40px; clear: both; width:100%;\"><\/div><div class=\"kc-elm kc-css-613734 kc_row kc_row_inner\"><div class=\"kc-elm kc-css-580659 kc_col-sm-3 kc-animated kc-animate-eff-fadeInUp kc-animate-delay-200 kc_column_inner kc_col-sm-3\"><div class=\"kc_wrapper kc-col-inner-container\">    <div class=\"team-member-type-2 kc-elm kc-css-341916\">\r\n        <div class=\"img-wrapper\">\r\n            <img decoding=\"async\" src=\"https:\/\/auto-ruegg.ch\/wordpress\/wp-content\/uploads\/2019\/11\/jerome_hopfengaertner.jpg\" class=\"img-fluid\" alt=\"\">\r\n        <\/div>\r\n        <div class=\"description-box\">\r\n            <h6 class=\"name\">J\u00e9r\u00f4me Hopfeng\u00e4rtner<\/h6>\r\n            <p class=\"position\">Gesch\u00e4ftsinhaber <\/p>\r\n\t\t\t        <\/div>\r\n    <\/div>\r\n\r\n<div class=\"kc-elm kc-css-856560\" style=\"height: 20px; clear: both; width:100%;\"><\/div><\/div><\/div><div class=\"kc-elm kc-css-292355 kc_col-sm-3 kc-animated kc-animate-eff-fadeInUp kc-animate-delay-300 kc_column_inner kc_col-sm-3\"><div class=\"kc_wrapper kc-col-inner-container\">    <div class=\"team-member-type-2 kc-elm kc-css-986177\">\r\n        <div class=\"img-wrapper\">\r\n            <img decoding=\"async\" src=\"https:\/\/auto-ruegg.ch\/wordpress\/wp-content\/uploads\/2019\/09\/michael_kuratli.jpg\" class=\"img-fluid\" alt=\"\">\r\n        <\/div>\r\n        <div class=\"description-box\">\r\n            <h6 class=\"name\">Michael Kuratli<\/h6>\r\n            <p class=\"position\">Werkstatt<\/p>\r\n\t\t\t        <\/div>\r\n    <\/div>\r\n\r\n<div class=\"kc-elm kc-css-620498\" style=\"height: 20px; clear: both; width:100%;\"><\/div><\/div><\/div><div class=\"kc-elm kc-css-921393 kc_col-sm-3 kc-animated kc-animate-eff-fadeInUp kc-animate-delay-300 kc_column_inner kc_col-sm-3\"><div class=\"kc_wrapper kc-col-inner-container\">    <div class=\"team-member-type-2 kc-elm kc-css-621293\">\r\n        <div class=\"img-wrapper\">\r\n            <img decoding=\"async\" src=\"https:\/\/auto-ruegg.ch\/wordpress\/wp-content\/uploads\/2020\/03\/Symbolbild.jpg\" class=\"img-fluid\" alt=\"\">\r\n        <\/div>\r\n        <div class=\"description-box\">\r\n            <h6 class=\"name\">vakant<\/h6>\r\n            <p class=\"position\">Werkstatt<\/p>\r\n\t\t\t        <\/div>\r\n    <\/div>\r\n\r\n<div class=\"kc-elm kc-css-244790\" style=\"height: 20px; clear: both; width:100%;\"><\/div><\/div><\/div><div class=\"kc-elm kc-css-102341 kc_col-sm-3 kc-animated kc-animate-eff-fadeInUp kc-animate-delay-300 kc_column_inner kc_col-sm-3\"><div class=\"kc_wrapper kc-col-inner-container\">    <div class=\"team-member-type-2 kc-elm kc-css-803389\">\r\n        <div class=\"img-wrapper\">\r\n            <img decoding=\"async\" src=\"https:\/\/auto-ruegg.ch\/wordpress\/wp-content\/uploads\/2019\/11\/juerg_hopfengaertner.jpg\" class=\"img-fluid\" alt=\"\">\r\n        <\/div>\r\n        <div class=\"description-box\">\r\n            <h6 class=\"name\">J\u00fcrg Hopfeng\u00e4rtner<\/h6>\r\n            <p class=\"position\">Administration \/ Buchhaltung<\/p>\r\n\t\t\t        <\/div>\r\n    <\/div>\r\n\r\n<div class=\"kc-elm kc-css-432999\" style=\"height: 20px; clear: both; width:100%;\"><\/div><\/div><\/div><\/div><\/div><\/div><\/div><\/div><\/section><section id=\"geschichte-section\" class=\"kc-elm kc-css-477309 kc_row\"><div class=\"kc-row-container  kc-container\"><div class=\"kc-wrap-columns\"><div class=\"kc-elm kc-css-576985 kc_col-sm-12 kc_column kc_col-sm-12\"><div class=\"kc-col-container\"><div>\r\n    <h2 class=\"section-title text-center black-section-title kc-elm kc-css-312191\">\r\n\t\t<span>Geschichte<\/span><span class=\"highlight\"> .<\/span>\r\n    <\/h2>\r\n<\/div><div class=\"kc-elm kc-css-923979 kc_text_block\"><\/p>\n<p>\nAm 1. April 1975 wird die Garage Bernhard R\u00fcegg als Einmannbetrieb von Bernhard R\u00fcegg gegr\u00fcndet und er\u00f6ffnet.<\/p>\n<p>Seit 1976 wird die \u00e4usserst erfolgreiche Marke Renault vertreten.<\/p>\n<p>Am 1. Februar 2017 erfolgt die \u00dcbernahme der erfolgreichen Garage durch J\u00e9r\u00f4me Hopfeng\u00e4rtner. Aus der Einzelunternehmung wird die Auto R\u00fcegg AG.<\/p>\n<p>\n<\/div><\/div><\/div><\/div><\/div><\/section><\/p>\n","protected":false},"excerpt":{"rendered":"","protected":false},"author":1,"featured_media":0,"parent":0,"menu_order":0,"comment_status":"closed","ping_status":"closed","template":"","meta":{"_acf_changed":false,"_vp_format_video_url":"","_vp_image_focal_point":[],"footnotes":""},"class_list":["post-3950","page","type-page","status-publish","hentry"],"acf":[],"_links":{"self":[{"href":"https:\/\/auto-ruegg.ch\/index.php?rest_route=\/wp\/v2\/pages\/3950","targetHints":{"allow":["GET"]}}],"collection":[{"href":"https:\/\/auto-ruegg.ch\/index.php?rest_route=\/wp\/v2\/pages"}],"about":[{"href":"https:\/\/auto-ruegg.ch\/index.php?rest_route=\/wp\/v2\/types\/page"}],"author":[{"embeddable":true,"href":"https:\/\/auto-ruegg.ch\/index.php?rest_route=\/wp\/v2\/users\/1"}],"replies":[{"embeddable":true,"href":"https:\/\/auto-ruegg.ch\/index.php?rest_route=%2Fwp%2Fv2%2Fcomments&post=3950"}],"version-history":[{"count":79,"href":"https:\/\/auto-ruegg.ch\/index.php?rest_route=\/wp\/v2\/pages\/3950\/revisions"}],"predecessor-version":[{"id":4817,"href":"https:\/\/auto-ruegg.ch\/index.php?rest_route=\/wp\/v2\/pages\/3950\/revisions\/4817"}],"wp:attachment":[{"href":"https:\/\/auto-ruegg.ch\/index.php?rest_route=%2Fwp%2Fv2%2Fmedia&parent=3950"}],"curies":[{"name":"wp","href":"https:\/\/api.w.org\/{rel}","templated":true}]}}