{"id":3984,"date":"2019-08-20T06:29:34","date_gmt":"2019-08-20T06:29:34","guid":{"rendered":"https:\/\/auto-ruegg.ch\/?page_id=3984"},"modified":"2021-11-20T10:37:57","modified_gmt":"2021-11-20T10:37:57","slug":"dienstleistungen","status":"publish","type":"page","link":"https:\/\/auto-ruegg.ch\/?page_id=3984","title":{"rendered":"Dienstleistungen"},"content":{"rendered":"<section id=\"dienstleistungen-section\" class=\"kc-elm kc-css-727199 kc_row\"><div class=\"kc-row-container  kc-container\"><div class=\"kc-wrap-columns\"><div class=\"kc-elm kc-css-747333 kc_col-sm-12 kc_column kc_col-sm-12\"><div class=\"kc-col-container\"><div>\r\n    <h2 class=\"section-title text-center black-section-title kc-elm kc-css-783280\">\r\n\t\t<span>Dienstleistungen<\/span><span class=\"highlight\"> .<\/span>\r\n    <\/h2>\r\n<\/div><div class=\"kc-elm kc-css-459647\" style=\"height: 40px; clear: both; width:100%;\"><\/div><div class=\"kc-elm kc-css-754590 kc_row kc_row_inner\"><div class=\"kc-elm kc-css-648957 kc_col-sm-4 kc-animated kc-animate-eff-fadeInUp kc-animate-delay-100 kc_column_inner kc_col-sm-4\"><div class=\"kc_wrapper kc-col-inner-container\">\r\n    <div class=\"kc-elm kc-css-3189\">\r\n        <div class=\"icon-box-type-1\">\r\n            <i class=\"fa-wrench\"><\/i>\r\n            <h6>Reparaturen aller Marken<\/h6>\r\n            <p>Unser motiviertes und bestens geschultes Personal sorgt daf\u00fcr, dass Ihr Fahrzeug egal welcher Marke stets perfekt gewartet und repariert wird.<\/p>\r\n        <\/div>\r\n    <\/div>\r\n<div class=\"kc-elm kc-css-229054\" style=\"height: 20px; clear: both; width:100%;\"><\/div><\/div><\/div><div class=\"kc-elm kc-css-698620 kc_col-sm-4 kc-animated kc-animate-eff-fadeInUp kc-animate-delay-200 kc_column_inner kc_col-sm-4\"><div class=\"kc_wrapper kc-col-inner-container\">\r\n    <div class=\"kc-elm kc-css-8560\">\r\n        <div class=\"icon-box-type-1\">\r\n            <i class=\"fa-seedling\"><\/i>\r\n            <h6>Klimaservice<\/h6>\r\n            <p>Mit einem regelm\u00e4ssigen Klima-Service sorgen Sie f\u00fcr eine voll leistungsf\u00e4hige Auto-Klimaanlage und f\u00fcr saubere Luft im Cockpit.<\/p>\r\n        <\/div>\r\n    <\/div>\r\n<div class=\"kc-elm kc-css-702374\" style=\"height: 20px; clear: both; width:100%;\"><\/div><\/div><\/div><div class=\"kc-elm kc-css-604563 kc_col-sm-4 kc-animated kc-animate-eff-fadeInUp kc-animate-delay-300 kc_column_inner kc_col-sm-4\"><div class=\"kc_wrapper kc-col-inner-container\"><div class=\"kc-elm kc-css-631364 kc-raw-code\"><div class=\"kc-elm kc-css-686088\">\r\n<div class=\"icon-box-type-1\">\r\n<i class=\"fa-hands-helping\"><\/i>\r\n<h6>Verkauf<\/h6>\r\n<p>Sind Sie interessiert an einem Neuwagen oder einem Occasionsfahrzeug? Wir finden bestimmt das passende Modell, das Ihrem Wunsch und Budget entspricht.\r\n<\/p>\r\n<\/div>\r\n<\/div><\/div><div class=\"kc-elm kc-css-26781\" style=\"height: 20px; clear: both; width:100%;\"><\/div><\/div><\/div><\/div><div class=\"kc-elm kc-css-308934\" style=\"height: 40px; clear: both; width:100%;\"><\/div><div class=\"kc-elm kc-css-300839 kc_row kc_row_inner\"><div class=\"kc-elm kc-css-307284 kc_col-sm-4 kc-animated kc-animate-eff-fadeInUp kc-animate-delay-100 kc_column_inner kc_col-sm-4\"><div class=\"kc_wrapper kc-col-inner-container\">\r\n    <div class=\"kc-elm kc-css-467773\">\r\n        <div class=\"icon-box-type-1\">\r\n            <i class=\"fa-check\"><\/i>\r\n            <h6>MFK Bereitstellung<\/h6>\r\n            <p>Um bei der Motorfahrzeugpr\u00fcfung keine b\u00f6se \u00dcberraschung zu erleben, \u00fcberpr\u00fcfen wir Ihr Fahrzeug und bringen dieses wieder in Schuss, damit Sie weiterhin sicher unterwegs sind.<\/p>\r\n        <\/div>\r\n    <\/div>\r\n<div class=\"kc-elm kc-css-709734\" style=\"height: 20px; clear: both; width:100%;\"><\/div><\/div><\/div><div class=\"kc-elm kc-css-370570 kc_col-sm-4 kc-animated kc-animate-eff-fadeInUp kc-animate-delay-200 kc_column_inner kc_col-sm-4\"><div class=\"kc_wrapper kc-col-inner-container\">\r\n    <div class=\"kc-elm kc-css-180100\">\r\n        <div class=\"icon-box-type-1\">\r\n            <i class=\"fa-car\"><\/i>\r\n            <h6>Renault Dacia Partner<\/h6>\r\n            <p>Unsere beiden Hausmarken Renault und Dacia erm\u00f6glichen uns f\u00fcr jedes Budget und jeden Anspruch ein passendes Fahrzeug anbieten zu k\u00f6nnen.<\/p>\r\n        <\/div>\r\n    <\/div>\r\n<div class=\"kc-elm kc-css-225279\" style=\"height: 20px; clear: both; width:100%;\"><\/div><\/div><\/div><div class=\"kc-elm kc-css-731768 kc_col-sm-4 kc-animated kc-animate-eff-fadeInUp kc-animate-delay-300 kc_column_inner kc_col-sm-4\"><div class=\"kc_wrapper kc-col-inner-container\"><div class=\"kc-elm kc-css-745606 kc-raw-code\"><div class=\"kc-elm kc-css-686088\">\r\n<div class=\"icon-box-type-1\">\r\n<i class=\"fa-car-crash\"><\/i>\r\n<h6>Spengler Arbeiten<\/h6>\r\n<p>Wir arbeiten mit hervorragend ausgebildeten Fahrzeugspenglern zusammen und erledigen alle Arbeiten mit gr\u00f6sster Sorgfalt und Fachkompetenz.\r\n<\/p>\r\n<\/div>\r\n<\/div><\/div><div class=\"kc-elm kc-css-225357\" style=\"height: 20px; clear: both; width:100%;\"><\/div><\/div><\/div><\/div><div class=\"kc-elm kc-css-236438\" style=\"height: 40px; clear: both; width:100%;\"><\/div><div class=\"kc-elm kc-css-502701 kc_row kc_row_inner\"><div class=\"kc-elm kc-css-447056 kc_col-sm-4 kc-animated kc-animate-eff-fadeInUp kc-animate-delay-100 kc_column_inner kc_col-sm-4\"><div class=\"kc_wrapper kc-col-inner-container\"><div class=\"kc-elm kc-css-282870 kc-raw-code\"><div class=\"kc-elm kc-css-686088\">\r\n<div class=\"icon-box-type-1\">\r\n<i class=\"fa-car-side\"><\/i>\r\n<h6>Ersatzwagen<\/h6>\r\n<p>Bei uns bleiben Sie mobil auch wenn Ihr Fahrzeug bei uns zur Reparatur ist. Wir bieten Ihnen einen Ersatzwagen zu attraktiven Preisen an.\r\n<\/p>\r\n<\/div>\r\n<\/div><\/div><div class=\"kc-elm kc-css-227571\" style=\"height: 20px; clear: both; width:100%;\"><\/div><\/div><\/div><div class=\"kc-elm kc-css-645011 kc_col-sm-4 kc-animated kc-animate-eff-fadeInUp kc-animate-delay-200 kc_column_inner kc_col-sm-4\"><div class=\"kc_wrapper kc-col-inner-container\">\r\n    <div class=\"kc-elm kc-css-992848\">\r\n        <div class=\"icon-box-type-1\">\r\n            <i class=\"fa-warehouse\"><\/i>\r\n            <h6>Reifeneinlagerung<\/h6>\r\n            <p>Sie haben kein Platz oder keine Lust Reifen zu schleppen? Gerne \u00fcbernehmen wir das Einlagern Ihrer Reifen fachm\u00e4nnisch und kosteng\u00fcnstig.<\/p>\r\n        <\/div>\r\n    <\/div>\r\n<div class=\"kc-elm kc-css-95359\" style=\"height: 20px; clear: both; width:100%;\"><\/div><\/div><\/div><div class=\"kc-elm kc-css-966083 kc_col-sm-4 kc-animated kc-animate-eff-fadeInUp kc-animate-delay-300 kc_column_inner kc_col-sm-4\"><div class=\"kc_wrapper kc-col-inner-container\">\r\n    <div class=\"kc-elm kc-css-903336\">\r\n        <div class=\"icon-box-type-1\">\r\n            <i class=\"fa-briefcase-medical\"><\/i>\r\n            <h6>Garantieverl\u00e4ngerung<\/h6>\r\n            <p>Unerwartete Reparaturkosten und b\u00f6se \u00dcberraschungen beim Fahrzeugunterhalt? Das k\u00f6nnen Sie vermeiden. Gerne offerieren wir Ihnen die f\u00fcr Sie passende Garantieverl\u00e4ngerung.<\/p>\r\n        <\/div>\r\n    <\/div>\r\n<div class=\"kc-elm kc-css-253016\" style=\"height: 20px; clear: both; width:100%;\"><\/div><\/div><\/div><\/div><\/div><\/div><\/div><\/div><\/section>\n","protected":false},"excerpt":{"rendered":"","protected":false},"author":1,"featured_media":0,"parent":0,"menu_order":0,"comment_status":"closed","ping_status":"closed","template":"","meta":{"_acf_changed":false,"_vp_format_video_url":"","_vp_image_focal_point":[],"footnotes":""},"class_list":["post-3984","page","type-page","status-publish","hentry"],"acf":[],"_links":{"self":[{"href":"https:\/\/auto-ruegg.ch\/index.php?rest_route=\/wp\/v2\/pages\/3984","targetHints":{"allow":["GET"]}}],"collection":[{"href":"https:\/\/auto-ruegg.ch\/index.php?rest_route=\/wp\/v2\/pages"}],"about":[{"href":"https:\/\/auto-ruegg.ch\/index.php?rest_route=\/wp\/v2\/types\/page"}],"author":[{"embeddable":true,"href":"https:\/\/auto-ruegg.ch\/index.php?rest_route=\/wp\/v2\/users\/1"}],"replies":[{"embeddable":true,"href":"https:\/\/auto-ruegg.ch\/index.php?rest_route=%2Fwp%2Fv2%2Fcomments&post=3984"}],"version-history":[{"count":111,"href":"https:\/\/auto-ruegg.ch\/index.php?rest_route=\/wp\/v2\/pages\/3984\/revisions"}],"predecessor-version":[{"id":4874,"href":"https:\/\/auto-ruegg.ch\/index.php?rest_route=\/wp\/v2\/pages\/3984\/revisions\/4874"}],"wp:attachment":[{"href":"https:\/\/auto-ruegg.ch\/index.php?rest_route=%2Fwp%2Fv2%2Fmedia&parent=3984"}],"curies":[{"name":"wp","href":"https:\/\/api.w.org\/{rel}","templated":true}]}}